01100100
In base 15, what is -122e1 + 72a?
-11ab6
In base 10, what is 927579817 - 0?
927579817
In base 10, what is 38806 - 171?
38635
In base 9, what is -4133551 - -107?
-4133443
In base 11, what is 9 + 161a83a?
161a848
In base 8, what is 3101475 + -30?
3101445
In base 9, what is 4 + 4743001?
4743005
In base 12, what is 164403 - 21?
1643a2
In base 16, what is -bd + 403da?
4031d
In base 14, what is 25 - a076?
-a051
In base 5, what is 2012214430 - -314?
2012220244
In base 9, what is 321 - -361805?
362226
In base 4, what is -122223110313 - 212?
-122223111131
In base 2, what is 11 + -1101001000000010100111101?
-1101001000000010100111010
In base 10, what is 354185409 - -2?
354185411
In base 12, what is -19b4612 + 56?
-19b4578
In base 13, what is -3b50382 + -3?
-3b50385
In base 6, what is -42 + -1505400555?
-1505401041
In base 6, what is -21 - 4115243?
-4115304
In base 6, what is 2 + -355153305?
-355153303
In base 10, what is 38025 - 420?
37605
In base 9, what is -2166540 - -3?
-2166536
In base 12, what is -4 + -14a95a4a?
-14a95a52
In base 4, what is -312321230 + 301?
-312320323
In base 15, what is -372b - 286a?
-6096
In base 3, what is -2220 - -20221220112?
20221210122
In base 7, what is 445 - 16052142?
-16051364
In base 4, what is -1 + 322311113212?
322311113211
In base 14, what is -1347 - -1a4b?
704
In base 4, what is 3 + 3320210311?
3320210320
In base 16, what is 20565 + f?
20574
In base 16, what is -1 - 8e1e4d?
-8e1e4e
In base 7, what is 1162131554 + -2?
1162131552
In base 10, what is 79697 + -401?
79296
In base 13, what is 129a8392 + 6?
129a8398
In base 14, what is -303 - -200b9?
1dbb6
In base 14, what is -4aa2 - -2086?
-2a1a
In base 9, what is -8 - 842527?
-842536
In base 8, what is -207 - -72325?
72116
In base 16, what is 2a35c9ce + 5?
2a35c9d3
In base 3, what is 101010222010022 + 2?
101010222010101
In base 12, what is 1 - -21b718?
21b719
In base 6, what is -10312310 - -1443?
-10310423
In base 3, what is -220001221011022 + -1?
-220001221011100
In base 3, what is 11201102 + -200220?
11000112
In base 3, what is 211202002100 + 0?
211202002100
In base 8, what is 670475 - 1062?
667413
In base 3, what is 221 + 210101111010000?
210101111010221
In base 9, what is -2104 - 28736?
-31841
In base 3, what is 102200212110 - -20?
102200212200
In base 3, what is -111110022202 - 10112101?
-111120212010
In base 9, what is 31 + -72545265?
-72545234
In base 15, what is 5 + 72e23?
72e28
In base 6, what is 42 - 210303422?
-210303340
In base 2, what is 111001100 - 101000011010?
-100001001110
In base 7, what is -3 + 43212002?
43211666
In base 14, what is -20c2b - 5ca?
-21417
In base 7, what is 20041315155 - -1?
20041315156
In base 6, what is -2111001 + -250?
-2111251
In base 11, what is -259 + -200a80?
-201229
In base 15, what is 2e7866 + 5?
2e786b
In base 16, what is 6d229 - -106?
6d32f
In base 5, what is 41 - -340143011?
340143102
In base 14, what is 2d58 + 5777?
86d1
In base 2, what is -1101110010111010101100 + 1100100?
-1101110010111001001000
In base 4, what is 130012222 + -1330201?
122022021
In base 7, what is -2533245220 + -3?
-2533245223
In base 13, what is -6a + 94773?
94706
In base 11, what is -2146 - 267?
-2402
In base 4, what is 113 - -131313301?
131320020
In base 14, what is 20a283 + 30?
20a2b3
In base 10, what is -3 - -2419526?
2419523
In base 6, what is -103515104 - 1?
-103515105
In base 12, what is -59289 - -625?
-58864
In base 10, what is -222 - -1212?
990
In base 6, what is 52 + -415113302?
-415113210
In base 2, what is -1001001 - -100001101111111100101?
100001101111110011100
In base 4, what is 12310331331013 + 3?
12310331331022
In base 7, what is -32300305 + 1?
-32300304
In base 14, what is -700 + 4511?
3c11
In base 6, what is 503045 + 103354?
1010443
In base 14, what is 0 - -31a4d7?
31a4d7
In base 15, what is -b + 63d05e?
63d053
In base 6, what is 3 - 1203410324?
-1203410321
In base 6, what is -5330 - 51351?
-101121
In base 2, what is 101111110 + 101101001001100?
101101111001010
In base 11, what is 692339 + -18?
692321
In base 14, what is -3b80a06 - 2?
-3b80a08
In base 6, what is 3242532 + -1220?
3241312
In base 5, what is -10 - 1432100004?
-1432100014
In base 8, what is 1 + -4626461?
-4626460
In base 5, what is 214101231 + 22?
214101303
In base 7, what is 122 - 125330622?
-125330500
In base 2, what is -100011101 + -1000000111001111?
-1000001011101100
In base 4, what is -133 + -213332323323?
-213332330122
In base 11, what is 135658a + -3?
1356587
In base 7, what is 1036410542 + 1?
1036410543
In base 2, what is 1011100000111000001 + 10000010?
1011100001001000011
In base 6, what is 422315345440 + -1?
422315345435
In base 8, what is 1736275 - -400?
1736675
In base 9, what is -36 - -16228?
16182
In base 2, what is -111011 - 100011011011001001100101?
-100011011011001010100000
In base 15, what is e3c61 + 3?
e3c64
In base 14, what is -5b74 - -31794?
29a20
In base 3, what is -102 + 100102002211?
100102002102
In base 7, what is -12 - 42520002?
-42520014
In base 7, what is -553012313 + 50?
-553012233
In base 5, what is -443404203313 + -10?
-443404203323
In base 7, what is -1150652033 + 0?
-1150652033
In base 6, what is 4 + 4130345505?
4130345513
In base 14, what is -139335 - 284?
-1395b9
In base 11, what is -365a5934 - -4?
-365a5930
In base 10, what is 582796 - -18?
582814
In base 11, what is a - 162693?
-162684
In base 7, what is 11616 + -11633?
-14
In base 5, what is 10 - 20403201?
-20403141
In base 11, what is -59a9 + 2067?
-3942
In base 13, what is 217 - -14396?
145b0
In base 15, what is 544 + -a5067?
-a4a23
In base 11, what is 16093 - -53?
16136
In base 16, what is -4 + -3742466?
-374246a
In base 2, what is -1010001111110100000 + 110010?
-1010001111101101110
In base 7, what is 5 - -21050332?
21050340
In base 9, what is 25722025 + -1?
25722024
In base 7, what is -110324 + -104?
-110431
In base 4, what is 13132111233 + -3?
13132111230
In base 15, what is -187d - -4825?
2e97
In base 7, what is -4 + -44401540?
-44401544
In base 12, what is 2439 - b7883?
-b5446
In base 13, what is -608 + -30208?
-30813
In base 9, what is -3 + 153604752?
153604748
In base 2, what is 111100011101100 + 110100001?
111101010001101
In base 4, what is 13 + -23002330333?
-23002330320
In base 9, what is -54 - 4842158?
-4842223
In base 6, what is 124205 + 21424?
150033
In base 3, what is 2102111 + -1202122101?
-1200012220
In base 5, what is 303141313341 + 1?
303141313342
In base 7, what is 2254405 + -200?
2254205
In base 10, what is -92 + 250722?
250630
In base 16, what is -75 + 26ab?
2636
In base 13, what is -397c + -74c?
-43cb
In base 4, what is 1321222021 + 202?
1321222223
In base 15, what is c891d + -2c?
c88e1
In base 7, what is 15666 + 11313?
30312
In base 12, what is a1 + -94b541?
-94b460
In base 11, what is 514 + -5431?
-4a18
In base 15, what is -10a28 - -bb?
-1095c
In base 4, what is 3133312 + -301202?
2232110
In base 11, what is -3020509 + 3?
-3020506
In base 12, what is -10881 + 1b11?
-a970
In base 5, what is 23312320 - -122?
23312442
In base 6, what is -50342321 + -45?
-50342410
In base 12, what is 5 - 1b71753?
-1b7174a
In base 3, what is -100121010000210 - 0?
-100121010000210
In base 6, what is 25215354001 + 1?
25215354002
In base 3, what is 220 - 10001122000212?
-10001121222222
In base 13, what is 1 + -884a7b1?
-884a7b0
In base 14, what is ac450d - 2?
ac450b
In base 10, what is 174802 + 117?
174919
In base 3, what is 12 + -12101220122121200?
-12101220122121111
In base 5, what is -10240 + -104?
-10344
In base 12, what is a1a7b + -26?
a1a55
In base 5, what is 240141320 + -231?
240141034
In base 10, what is -1214554 - -918?
-1213636
In base 6, what is -11 + -4252033?
-4252044
In base 12, what is 410 - -b600?
ba10
In base 10, what is 1 - -73325536?
73325537
In base 13, what is -37436c1 - -3?
-37436bb
In base 9, what is -17102 - -46?
-17045
In base 8, what is 3075667617 + 5?
3075667624
In base 2, what is 1001110101 + 1000010000001110?
1000011010000011
In base 3, what is 12 + -122121120022222010?
-122121120022221221
In base 8, what is -5 + 3110670?
3110663
In base 10, what is -12478 + -4165?
-16643
In base 9, what is -13760588 + 4?
-13760584
In base 7, what is -33026111 - 11?
-33026122
In base 3, what is -211220002210220 + 10?
-211220002210210
In base 10, what is 98 - 63